 - c, 4*c = 5*r - 41. Determine k(r).
1
Let d(k) = -k**3 - 8*k**2 + 19*k + 18. Let h(l) = 9*l**3 + 71*l**2 - 173*l - 162. Let n(x) = -19*d(x) - 2*h(x). Determine n(-11).
26
Let f be ((-6)/24 + 254/(-40))*25. Let t = f - -143. Let n(d) = -d**3 - 23*d**2 - 23*d - 15. Calculate n(t).
7
Let b(n) = n**3 + n**2 + n + 7. Let i(m) = -m - 4. Let d be i(-10). Let j be (d/10)/(2/10). Suppose y = -j*y. Give b(y).
7
Let u = -18647 + 18675. Let y(i) be the first derivative of 1/3*i**3 + i**2 - u + 7/4*i**4 + i. Calculate y(-1).
-7
Let g(l) = -l + 4. Let r be g(7). Let q(i) = 3 - 3 - 1 + 2 - 289*i + 563*i - 275*i. Calculate q(r).
4
Let w(s) = -s**3 + s**2 - 2. Let a(r) = -2*r**3 + 13*r**2 - r - 9. Let u(x) = a(x) - 3*w(x). Let n(l) = l**2 - 9*l - 172. Let v be n(18). What is u(v)?
7
Let h(z) = -86. Let q(j) = -j - 33. Let s(f) = 3*h(f) - 8*q(f). Determine s(4).
38
Let x(b) = -b**3 + 3*b + 2. Let h be x(0). Suppose -272*v = -271*v - h. Let o(q) = q**3 - 2*q**2 + 2. What is o(v)?
2
Let c(j) = j + 1. Let u(w) = -7*w - 12. Let g(y) = 3*c(y) + u(y). Let a be (-28 - -32) + 43/(-4) - (-5)/(-20). Give g(a).
19
Let m(i) = 12*i + 102. Let l(d) = d**3 - 9*d**2 + 10*d - 98. Let h be l(9). Calculate m(h).
6
Suppose 0 = -72*f - 228 + 3108. Let t(m) = m - 61. What is t(f)?
-21
Let k(j) = 2*j**2 + 69*j - 37. Let b be k(-35). Let h(o) = 9*o + 7. Determine h(b).
-11
Let h be 30/50*(-30)/(-9). Let g(q) = -q - 2*q**2 + 10*q**2 - 4*q**2 + q**2 - 4*q**2. Calculate g(h).
2
Let q(s) = s**3 - 5*s**2 + 9. Let x be (-198)/(-22)*(-32)/(-48). Calculate q(x).
45
Let j(o) = 357 + 419 + 2*o - 773 - 8*o**2. Determine j(-1).
-7
Let u(y) = -2*y**3 - 32*y**2 + 81*y + 120. Let s be u(-18). Let i(c) = -c**3 - 51*c**2 - 377*c + 53. Determine i(s).
11
Suppose -210 = -166*b + 146 - 24. Let f(u) = -1 + 5 - 4*u + 10*u. What is f(b)?
16
Let d(s) = -2*s + 6. Let z(i) = 2*i**2 - 3. Let a be z(2). Suppose 0 = 3*n - 2*c + 32 - 0, -a*c + 17 = -3*n. Let b be (-2)/(-8)*(n/(-1) - -2). What is d(b)?
-2
Let g(v) = -v + 1. Let l be (-245)/(-35) - ((1 - -1) + 2). Suppose -l*s = -5*s + 10, 3*r + 41 = s. Calculate g(r).
13
Let r(n) = -14*n - 21*n + 52*n + 4*n**2 - 18*n - 5*n**2. Suppose -2*u = -3*m + 2, -3*m + 4*u + 6 = u. Calculate r(m).
-2
Let a(q) = 106. Let d(h) = -h + 18. Let c(o) = -a(o) + 6*d(o). Calculate c(3).
-16
Let p be (-17)/136 - 2/16*-1. Let g(l) = l**2 - 9*l + 9. Let f be g(p). Let b(o) = o**2 - 7*o - 10. What is b(f)?
8
Let c(h) = h**3 + 8*h**2 - h - 5. Suppose o = -0*o + 96. Let u be (-16 - 400)/(-2)*1/2. Let t = o - u. What is c(t)?
3
Let s = 5559 + -5564. Let h(y) = y**2 - 7*y - 7. What is h(s)?
53
Let i be 7*-1*7*(-8)/(-98). Let v(a) = a + 1. Let r = -16 + 22. Let w(t) = t + 7. Let m(j) = r*v(j) - w(j). Give m(i).
-21
Let r(h) = -12*h - 35. Let g(i) = 7*i + 11. Let f(w) = -8*g(w) - 3*r(w). What is f(2)?
-23
Suppose -255*u + 18 = -253*u. Let k(r) = -r**2 + 14*r - 5. Give k(u).
40
Suppose 0 = 3*s - 2 + 8. Let y(i) be the second derivative of -1/4*i**4 - 1/6*i**3 - 1/20*i**5 + 1/2*i**2 + 3*i + 0. Determine y(s).
-1
Let s be (3624/(-1510))/((-6)/70). Let n(x) = 3*x - 88. Determine n(s).
-4
Let z = 7293 - 7286. Let s(t) = 2*t**3 - 14*t**2 - 3. What is s(z)?
-3
Suppose 6*o + 60 = 72. Let d(h) = 4*h + h**o + 3*h - 8*h + 2 + 1. Let p = 27 - 23. What is d(p)?
15
Let o = -266 + 272. Let x(y) = -o*y + 157 - y + 3*y - 159 + 3*y. Calculate x(6).
-8
Suppose -4*b - k = k - 172, -3*b + 124 = 4*k. Let h = -48 + b. Let x be h/10*(-6 - -16). Let g(w) = w**2 + 4*w - 2. What is g(x)?
-2
Let v(u) = -2*u + 19. Let g(o) = o - 6. Let p(s) = -8*g(s) - 3*v(s). Let r(n) = -n**3 - 6*n**2 - 3*n - 5. Let d be r(-5). Let j = d - -9. Give p(j).
3
Let f(u) be the first derivative of -5*u**4/2 + 2*u**3/3 - u**2 + u + 7. Let m be ((-68)/6)/(46/(-207)). Suppose m*y - 49*y - 2 = 0. Determine f(y).
-9
Suppose -5 = 3*c - 2*c - 2*t, 0 = -3*c - 2*t + 9. Let d(a) = 1 - a**2 - 4*a**2 + 6*a**2 + 0*a**2 - 21*a + 19*a**3 + 19*a. Give d(c).
19
Let j = -7161 + 7148. Let b(v) = v**3 + 12*v**2 - 10*v + 10. Calculate b(j).
-29
Let y(n) = -n + 10. Suppose u = 7*u + 2*d - 60, 2*d = -4*u + 38. Suppose -u - 143 = 22*l. Give y(l).
17
Let h(g) = -g**3 - 15*g**2 - g - 11. Let o(n) = 4*n**2 - 152*n + 210. Let v(a) = -a**2 + 38*a - 53. Let p(d) = -2*o(d) - 9*v(d). Let r be p(36). Calculate h(r).
4
Suppose 13*b + 506 = 1299. Suppose 9*c + b + 20 = 0. Let a(y) = -13*y + 2. Let w(s) = 11*s - 1. Let z(n) = 5*a(n) + 6*w(n). Determine z(c).
-5
Suppose -5*k = -6*k + 3*a + 2, -3*a - 12 = -3*k. Let f(r) = -r + k*r - 4 + 5 + r**2. Suppose 0 = -4*s - 20, s = 2*n + 1 - 2. Calculate f(n).
-3
Let q(j) = -2*j - 6*j**3 + 2*j**3 + 3*j**2 + 19*j**3 - 7*j**3 - 7*j**3 - 9. What is q(-4)?
-17
Let i = -505 + 507. Let d(x) = -3*x**3 + 2 + 25*x**2 - 8*x**2 + x - 2*x**3 + 4*x**3 - 18*x**i. What is d(2)?
-8
Let o(i) = -i**2 - 11*i + 10. Let u = 894 + -624. Let f be 1/(u/(-66) - -4). Give o(f).
10
Let o(t) = -t. Let h(d) = 22*d - 12. Let a(x) = h(x) + 5*o(x). Give a(0).
-12
Suppose -4*w = -28 - 8. Suppose 27 = w*s - 45. Let a(r) be the second derivative of r**3/6 - 3*r**2 + 21*r. Calculate a(s).
2
Let z(g) = -g**2 + 5*g + 4. Let u(p) = 2*p**2 - 14*p - 11. Let s(h) = -4*u(h) - 11*z(h). Let o(b) = b**3 + 7*b**2 + 11*b + 3. Let c be o(-5). Determine s(c).
10
Let v = -1269 + 1260. Let g(k) = -k**2 - 10*k - 6. Calculate g(v).
3
Let y(r) = 2*r + 11. Let h(u) = -32 + 9 - 24 - 10*u - 9. Let m(n) = -3*h(n) - 16*y(n). Give m(-4).
0
Let j be (-1 + (-2)/(-4))/(651/(-62) - -10). Let t(a) = 7*a**2. Give t(j).
7
Let m(w) = -w**2 - 24*w - 23. Let h be m(-19). Suppose -16 = -2*c - h. Let l = c - -34. Let u(p) = p**2 - 7*p. Calculate u(l).
-6
Suppose 22 = -3*h - 4*q, -q = 2*h + 70 - 57. Let c(v) = 5*v**2 + 38*v + 53. What is c(h)?
5
Let t(d) = 37*d**2 - 9*d + 22. Let x(c) = 6*c**2 - c + 2. Let h(j) = -t(j) + 6*x(j). Give h(3).
-10
Let b(s) be the second derivative of 2*s**4/3 + s**3/3 - 5*s**2/2 + 10262*s. What is b(1)?
5
Let r(x) = 4*x**2 - 30*x + 7. Let g(f) = 2*f**2 - 15*f + 3. Let p(k) = 13*g(k) - 6*r(k). Let j be 170*30/300 + -9. What is p(j)?
5
Suppose -2*r + 2*s - 20 = 0, 0 = -75*r + 70*r + 3*s - 36. Let n(i) = 13*i**2 + 4*i + 10. Calculate n(r).
115
Let x = -118 + 201. Let q = x - 87. Let f(d) be the third derivative of d**6/120 + d**5/20 - d**4/12 - d**3/3 - 3*d**2. Give f(q).
-10
Let d(f) = -f**3 - 27*f**2 + 57*f - 17. Let n = -25 + -4. Let l be d(n). Let x(q) = -q**2 + 13*q - 17. Determine x(l).
-5
Let f be (6/24)/(-3 + 13/4). Let c(t) = -1313*t - 1311*t - f + 2623*t. Give c(5).
-6
Suppose 21 - 84 = -21*v. Let c(x) = -2*x**2 - 3*x + 2. Let r(k) = -3*k**2 - 2*k. Let i(o) = v*r(o) - 4*c(o). What is i(6)?
-8
Let y(n) = -n**2 - 51*n + 327. Let j be y(-57). Let f(x) = 2*x**3 + 10*x - 7*x + 0*x**3 - x**3 + 37 + 15*x**2. What is f(j)?
-8
Let g(a) = -3*a - 95. Let c be g(-30). Let j(k) = -k**3 - 4*k**2 + 5*k + 4. Give j(c).
4
Suppose 538 - 520 = 9*h. Let k(u) be the third derivative of u**7/5040 - u**6/720 + 11*u**5/60 + 14*u**2. Let q(m) be the third derivative of k(m). Give q(h).
1
Let c = -2 - 15. Let f(x) be the third derivative of x**5/60 + 2*x**4/3 - 25*x**3/6 - 213195*x**2. What is f(c)?
-8
Let g = 358 - 334. Let z = 29 - g. Let i(q) = 4*q - 11. Give i(z).
9
Let u be (160/(-50))/(2/(-15)). Let v be (18/u)/(2/(-16)). Let d(t) = -t**3 - 5*t**2 + 7*t + 6. Give d(v).
0
Let k(x) = x**3 - 16*x**2 + 36*x - 20. Let i be k(9). Let t = 263 + i. Let v(q) = 3*q - q - 1 - q. Determine v(t).
-1
Let o(c) = -39*c - 2. Let z(x) = -2*x**2 + 93*x + 146. Let s be z(48). Give o(s).
-80
Let t(w) = -8*w + 30. Suppose -2 = 5*y + 18. Let u(z) = 9*z - 91. Let b(i) = -8*i + 79. Let g(s) = 7*b(s) + 6*u(s). Let m(n) = y*t(n) + 18*g(n). Determine m(8).
-26
Let o(j) = 2*j**2 - 7*j - 5. Suppose -29 = -20*m + 71. Suppose m*l + 15 = v, -2*v - 2*l - 8 = -14. Give o(v).
10
Let s(i) be the second derivative of 17*i**6/120 + i**5/30 + i**4/24 - 19*i**2/2 - i - 24. Let z(g) be the first derivative of s(g). Calculate z(-1).
-16
Let t(d) = -d**3 - 33*d**2 - 6*d - 198. Suppose 246*o = -2214 - 5904. Give t(o).
0
Let k(c) = 17*c - 14*c + 4*c + 5. Let n(q) = -21*q - 17. Let o(b) = 7*k(b) + 2*n(b). Calculate o(-1).
-6
Suppose 4*q - 702 = -2*q. Suppose -m + 213 = 3*z, -4*z + 5*m + 401 = q. Let y = z - 71. Let r(t) = t**2 - t + 4.